{"id":231,"date":"2015-06-10T19:46:45","date_gmt":"2015-06-10T17:46:45","guid":{"rendered":"http:\/\/cmstest.hip-ittigen.ch\/?page_id=2"},"modified":"2026-02-10T17:46:13","modified_gmt":"2026-02-10T17:46:13","slug":"beispiel-seite","status":"publish","type":"page","link":"https:\/\/hip-ittigen.ch\/","title":{"rendered":"Home"},"content":{"rendered":"<p><img loading=\"lazy\" decoding=\"async\" class=\"alignleft wp-image-2757 size-full\" src=\"http:\/\/hip-ittigen.ch\/wp-content\/uploads\/2024\/06\/HIPMGUS2024.jpg\" alt=\"\" width=\"1858\" height=\"794\" srcset=\"https:\/\/hip-ittigen.ch\/wp-content\/uploads\/2024\/06\/HIPMGUS2024.jpg 1858w, https:\/\/hip-ittigen.ch\/wp-content\/uploads\/2024\/06\/HIPMGUS2024-300x128.jpg 300w, https:\/\/hip-ittigen.ch\/wp-content\/uploads\/2024\/06\/HIPMGUS2024-1024x438.jpg 1024w, https:\/\/hip-ittigen.ch\/wp-content\/uploads\/2024\/06\/HIPMGUS2024-768x328.jpg 768w, https:\/\/hip-ittigen.ch\/wp-content\/uploads\/2024\/06\/HIPMGUS2024-1536x656.jpg 1536w\" sizes=\"auto, (max-width: 1858px) 100vw, 1858px\" \/><\/p>\n<p><h4><strong>Willkommen bei der Spielgemeinschaft<br>Harmonie Ittigen-Papierm\u00fchle &amp; <\/strong><strong>Musikgesellschaft Urtenen-Sch\u00f6nb\u00fchl<\/strong><\/h4><\/p>\n\n<p>&nbsp;<\/p>\n<p><h4><strong>Unsere n\u00e4chsten Anl\u00e4sse:<\/strong><\/h4><\/p>\n\n<table id=\"tablepress-1\" class=\"tablepress tablepress-id-1\">\n<thead>\n<tr class=\"row-1\">\n\t<th class=\"column-1\">Datum<\/th><th class=\"column-2\">Zeit<\/th><th class=\"column-3\">Veranstaltung<\/th><th class=\"column-4\">Ort<\/th><th class=\"column-5\">Bemerkungen<\/th>\n<\/tr>\n<\/thead>\n<tbody class=\"row-striping row-hover\">\n<tr class=\"row-2\">\n\t<td class=\"column-1\">Mi.1.Apr<\/td><td class=\"column-2\">18:30<\/td><td class=\"column-3\">Osterapero<\/td><td class=\"column-4\">Zentrumssaal Urtenen-Sch\u00f6nb\u00fchl<\/td><td class=\"column-5\"><\/td>\n<\/tr>\n<tr class=\"row-3\">\n\t<td class=\"column-1\">Sa.30.Mai<\/td><td class=\"column-2\">20:00<\/td><td class=\"column-3\">Jahreskonzert<\/td><td class=\"column-4\">Aula Lee Sch\u00f6nb\u00fchl<\/td><td class=\"column-5\"><\/td>\n<\/tr>\n<tr class=\"row-4\">\n\t<td class=\"column-1\">So.31.Mai<\/td><td class=\"column-2\">17:00<\/td><td class=\"column-3\">Jahreskonzert<\/td><td class=\"column-4\">OSZ Rain Ittigen<\/td><td class=\"column-5\"><\/td>\n<\/tr>\n<tr class=\"row-5\">\n\t<td class=\"column-1\">Mi.17.Jun<\/td><td class=\"column-2\">18:00<\/td><td class=\"column-3\">St\u00e4ndli<\/td><td class=\"column-4\">Tertianum (Senevita)  Aespliz Ittigen<\/td><td class=\"column-5\"><\/td>\n<\/tr>\n<\/tbody>\n<\/table>\n<!-- #tablepress-1 from cache -->\n<h3><a href=\"http:\/\/hip-ittigen.ch\/wp-content\/uploads\/2023\/02\/HIPMGUS-suchtDich2022.pdf\">Wir suchen Dich als Aktiv-Mitglied!<\/a><\/h3>\n<h3>&nbsp;<\/h3>\n\n\n<p><\/p>\n","protected":false},"excerpt":{"rendered":"<p>Willkommen bei der SpielgemeinschaftHarmonie Ittigen-Papierm\u00fchle &amp; Musikgesellschaft Urtenen-Sch\u00f6nb\u00fchl &nbsp; Unsere n\u00e4chsten Anl\u00e4sse: DatumZeitVeranstaltungOrtBemerkungen Mi.1.Apr18:30OsteraperoZentrumssaal Urtenen-Sch\u00f6nb\u00fchl Sa.30.Mai20:00JahreskonzertAula Lee Sch\u00f6nb\u00fchl So.31.Mai17:00JahreskonzertOSZ Rain Ittigen Mi.17.Jun18:00St\u00e4ndliTertianum (Senevita) Aespliz Ittigen Wir suchen Dich als Aktiv-Mitglied! &nbsp;<\/p>\n","protected":false},"author":1,"featured_media":0,"parent":0,"menu_order":0,"comment_status":"open","ping_status":"open","template":"","meta":{"ngg_post_thumbnail":0,"footnotes":""},"class_list":["post-231","page","type-page","status-publish","hentry"],"_links":{"self":[{"href":"https:\/\/hip-ittigen.ch\/index.php?rest_route=\/wp\/v2\/pages\/231","targetHints":{"allow":["GET"]}}],"collection":[{"href":"https:\/\/hip-ittigen.ch\/index.php?rest_route=\/wp\/v2\/pages"}],"about":[{"href":"https:\/\/hip-ittigen.ch\/index.php?rest_route=\/wp\/v2\/types\/page"}],"author":[{"embeddable":true,"href":"https:\/\/hip-ittigen.ch\/index.php?rest_route=\/wp\/v2\/users\/1"}],"replies":[{"embeddable":true,"href":"https:\/\/hip-ittigen.ch\/index.php?rest_route=%2Fwp%2Fv2%2Fcomments&post=231"}],"version-history":[{"count":173,"href":"https:\/\/hip-ittigen.ch\/index.php?rest_route=\/wp\/v2\/pages\/231\/revisions"}],"predecessor-version":[{"id":3006,"href":"https:\/\/hip-ittigen.ch\/index.php?rest_route=\/wp\/v2\/pages\/231\/revisions\/3006"}],"wp:attachment":[{"href":"https:\/\/hip-ittigen.ch\/index.php?rest_route=%2Fwp%2Fv2%2Fmedia&parent=231"}],"curies":[{"name":"wp","href":"https:\/\/api.w.org\/{rel}","templated":true}]}}